4*s - 7. Calculate w(14).
-7
Let t(h) = 2*h**2 - 31*h + 45. Calculate t(14).
3
Let h(g) = g**3 + 7*g**2 - 2*g - 7. Determine h(-7).
7
Let l(g) = 14*g - 255. Determine l(19).
11
Let t(s) = 5*s + 1. Give t(-1).
-4
Let x(c) = -2*c - 41. Determine x(12).
-65
Let f(x) = -6*x - 4. Calculate f(3).
-22
Let a(g) = -3*g. Calculate a(1).
-3
Let p(a) = 2*a**2 - 15*a + 27. Calculate p(6).
9
Let m(q) = -q**2 + 12*q + 12. Give m(9).
39
Let q(o) = o + 3. Calculate q(-3).
0
Let t(q) = -2*q**2 - 21*q + 48. What is t(-11)?
37
Let c(h) = h**3 + 9*h**2 + 8*h + 6. Give c(-8).
6
Let c(v) = 4*v + 42. Calculate c(-9).
6
Let n(a) = -24*a + 7. What is n(1)?
-17
Let w(f) = -f**3 - 11*f**2 + 17*f - 9. Give w(-13).
108
Let j(l) = 4*l - 55. What is j(0)?
-55
Let o(j) = -5*j + 85. What is o(17)?
0
Let f(p) = -9*p - 101. Determine f(-9).
-20
Let g(w) = -8*w + 93. Determine g(13).
-11
Let w(j) = -2*j**2 + 2*j + 6. What is w(3)?
-6
Let s(k) = 3*k**2 - 2*k - 4. What is s(3)?
17
Let r(a) = a**3 + 6*a**2 - 3*a + 8. Give r(-7).
-20
Let c(z) = -6*z + 224. What is c(37)?
2
Let p(l) = l**3 - 26*l**2 + 29*l - 137. Calculate p(25).
-37
Let h(b) = b**2 - 8*b - 11. Give h(8).
-11
Let m(r) = -r**3 - 20*r**2 - 20*r - 20. What is m(-19)?
-1
Let m(f) = -4*f - 12. What is m(-3)?
0
Let f(h) = h**3 - 7*h**2 - 10*h - 65. What is f(9)?
7
Let u(k) = k**3 + 4*k**2 - 11*k - 10. Give u(-7).
-80
Let q(r) = r**3 - 31*r**2 + 28*r + 50. Determine q(30).
-10
Let h(j) = 18*j + 13. What is h(-3)?
-41
Let t(a) = a**3 - 7*a**2 - 3*a + 6. Give t(7).
-15
Let d(u) = -u**2 - 6*u - 14. Calculate d(-6).
-14
Let i(a) = a**2 + 7*a + 9. Calculate i(-8).
17
Let a(k) = k**2 - 31*k + 123. Calculate a(26).
-7
Let z(r) = r**3 + 49*r**2 - 4*r - 185. Determine z(-49).
11
Let m(b) = -3*b + 7. What is m(-7)?
28
Let a(h) = h**3 + 8*h**2 + 8*h + 2. Calculate a(-7).
-5
Let n(u) = 3*u**2 + 2*u - 2. Calculate n(2).
14
Let l(w) = 2*w**2 + 2*w + 19. Determine l(5).
79
Let b(l) = -38*l - 1. Calculate b(-1).
37
Let a(r) = 16*r**2 + 3*r + 1. Determine a(-2).
59
Let z(i) = 8*i. Calculate z(1).
8
Let r(d) = -4*d**2 - 3*d - 1. Calculate r(-2).
-11
Let i(z) = 2*z**2 + 12*z + 23. What is i(-10)?
103
Let u(j) = -2*j - 1. Give u(7).
-15
Let w(z) = 4*z - 21. Give w(6).
3
Let d(q) = -40*q + 398. Calculate d(10).
-2
Let u(a) = -a**2 + 10*a - 1. Give u(5).
24
Let b(y) = -y**3 + 8*y**2 - 6*y - 5. Determine b(7).
2
Let r(z) = -2*z**2 - 13*z + 13. Calculate r(-7).
6
Let z(s) = -s**2 + 19*s + 14. Calculate z(14).
84
Let b(v) = -3*v**2 + v - 3. Give b(0).
-3
Let z(i) = -8*i + 86. Give z(10).
6
Let a(x) = 6*x. Calculate a(3).
18
Let l(c) = -6*c**2 - 2*c - 5. Give l(2).
-33
Let d(j) = 20*j - 157. Calculate d(8).
3
Let z(n) = n**2 - 24*n + 107. Give z(18).
-1
Let u(d) = -d + 11. What is u(16)?
-5
Let b(h) = -3*h**3 - 13*h**2 + h + 1. Determine b(-4).
-19
Let o(h) = -3*h**2 + 4*h - 5. Give o(4).
-37
Let u(y) = y**3 - 12*y**2 + 3*y + 4. Calculate u(11).
-84
Let a(k) = -2*k**2 - 2*k + 4. Determine a(1).
0
Let n(t) = -2*t - 6. Determine n(1).
-8
Let n(u) = -u**3 + 15*u**2 + 16*u + 21. Determine n(16).
21
Let w(i) = i**3 + i**2 + 5*i + 5. Calculate w(-2).
-9
Let u(s) = -s**3 - 5*s**2 + 3*s - 4. Calculate u(-6).
14
Let x(g) = g**2 + 2*g - 7. Give x(-6).
17
Let a(q) = -q**3 - 6*q**2 + 5*q + 10. Calculate a(-7).
24
Let i(c) = c**3 - 11*c**2 - 12*c + 11. Calculate i(12).
11
Let f(z) = -z**2. Calculate f(10).
-100
Let x(c) = c + 2. Calculate x(8).
10
Let f(q) = q**3 + 7*q**2 - 7*q + 16. Calculate f(-8).
8
Let z(s) = s**3 - 11*s**2 + 21*s - 27. Determine z(11).
204
Let h(b) = -b**3 - b**2 + b - 2. Determine h(-4).
42
Let f(v) = 2*v**2 + 9*v - 8. Determine f(-6).
10
Let g(w) = -6*w - 22. Determine g(-6).
14
Let y(p) = p**2 + 9*p + 10. Determine y(-8).
2
Let l(z) = -6*z - 19. Determine l(-6).
17
Let k(a) = -a + 6. What is k(16)?
-10
Let y(o) = -2*o**2 - o + 3. Determine y(-4).
-25
Let y(w) = 4*w - 43. Calculate y(15).
17
Let b(n) = -5*n + 81. Determine b(15).
6
Let w(k) = 10*k**3 + 3*k**2 + 3*k + 1. Determine w(-1).
-9
Let g(l) = -l**3 - 8*l**2 - 1. Determine g(-8).
-1
Let s(u) = 11*u**2 + 4*u + 1. Determine s(-2).
37
Let r(d) = 73*d - 1094. Determine r(15).
1
Let d(i) = -i**3 - 6*i**2 - 8*i - 11. Calculate d(-5).
4
Let d(f) = 3*f**2 - 2. What is d(-3)?
25
Let u(d) = d**3 + 3*d**2 + d + 4. Determine u(-3).
1
Let b(d) = 12*d - 9. Calculate b(8).
87
Let o(g) = g**3 + 5*g**2 + 5. Calculate o(-5).
5
Let s(v) = -7*v + 216. Calculate s(23).
55
Let c(z) = 2*z**2 - 2. Determine c(-6).
70
Let z(o) = o**2 - 15*o + 24. Determine z(12).
-12
Let y(h) = -h**3 + 8*h**2 + 18*h + 13. What is y(8)?
157
Let g(p) = p**3 + 5*p**2 - p + 1. Calculate g(-4).
21
Let t(y) = 3*y**2 + y - 7. Give t(2).
7
Let g(r) = 6*r - 4. What is g(6)?
32
Let i(n) = n**3 - 21*n**2 - n + 16. Calculate i(21).
-5
Let i(o) = -o**3 - 7*o**2 - 7*o - 7. Determine i(-6).
-1
Let b(i) = -7*i + 35. What is b(8)?
-21
Let o(b) = -b**3 - 9*b**2 - 9*b + 4. Determine o(-8).
12
Let n(q) = q**2 + 18*q + 55. Give n(-4).
-1
Let z(k) = 2*k**2 + 2*k - 10. Give z(1).
-6
Let z(w) = -w + 6. Determine z(-12).
18
Let m(k) = k**3 + 8*k**2 + 16*k + 18. What is m(-6)?
-6
Let c(u) = -4*u - 1. What is c(1)?
-5
Let h(r) = -r**3 - 5*r**2 + 12*r + 6. Calculate h(-7).
20
Let r(y) = -y**2 + 11*y - 23. Calculate r(8).
1
Let t(n) = n**3 + 3*n**2 + 7*n + 13. Calculate t(-3).
-8
Let c(m) = -m**3 + 10*m**2 + 9. What is c(10)?
9
Let a(r) = r**3 + 16*r**2 - 38*r - 42. What is a(-18)?
-6
Let n(o) = 3*o - 11. Determine n(3).
-2
Let l(r) = -3*r**2 - 14*r - 10. Give l(-3).
5
Let t(y) = y**3 + 3*y**2 - 9*y + 4. Give t(-5).
-1
Let c(x) = -14*x - 1. Calculate c(-1).
13
Let t(u) = -7*u**3 - 1. Give t(-2).
55
Let i(b) = b**3 - 11*b**2 + 10*b + 8. Determine i(9).
-64
Let d(b) = -6*b**2 + 60*b - 6. What is d(10)?
-6
Let k(s) = -s**3 - 5*s**2 + 6*s + 3. What is k(-6)?
3
Let q(r) = 10*r - 28. What is q(5)?
22
Let q(k) = 7*k**3 + k**2 - k. Give q(1).
7
Let r(h) = h - 6. What is r(5)?
-1
Let t(u) = -41*u**3 + u**2 - u - 2. Give t(-1).
41
Let z(q) = q**3 + 9*q**2 + 9*q + 10. Give z(-8).
2
Let r(h) = -3*h + 21. Determine r(7).
0
Let g(m) = m**3 + 9*m**2 + 16*m + 4. What is g(-7)?
-10
Let k(j) = -2*j**3 - 16*j**2 - 17*j + 19. Give k(-6).
-23
Let o(d) = -17*d + 60. What is o(5)?
-25
Let p(a) = 2*a**3 + 4*a**2 + a + 7. Determine p(-3).
-14
Let f(y) = y**3 + 8*y**2 - 3. Determine f(-8).
-3
Let f(q) = 2*q**3 + 8*q**2 - 4*q + 6. Give f(-6).
-114
Let a(u) = -3*u**2 + 17*u - 11. Determine a(5).
-1
Let n(r) = 2*r**2 - 32*r - 23. Give n(15).
-53
Let g(d) = -d - 14. Give g(0).
-14
Let q(x) = 11*x + 36. Determine q(-2).
14
Let p(r) = -r**3 + 4*r**2 + 7. Determine p(4).
7
Let r(d) = -d**2 - 10*d + 6. Calculate r(-8).
22
Let c(p) = -p**2 + 13*p - 31. What is c(6)?
11
Let w(p) = -77*p + 1771. Calculate w(23).
0
Let v(z) = z**3 - 9*z**2 - 3. Calculate v(4).
-83
Let n(d) = 6*d - 5. Give n(8).
43
Let t(g) = -7*g + 31. Calculate t(5).
-4
Let q(x) = -6*x - 70. Give q(9).
-124
Let v(a) = -a - 11. Determine v(-19).
8
Let z(p) = -p**3 - 4*p**2 + 16*p - 8. What is z(-7)?
27
Let b(q) = -q**3 - 6*q**2 + 2*q + 2. What is b(-6)?
-10
Let i(w) = -w - 12. Calculate i(6).
-18
Let c(z) = -z**2 - 3*z. Give c(-3).
0
Let l(r) = -4*r**2 + r + 3. Calculate l(-2).
-15
Let l(i) = -5*i - 23. What is l(-5)?
2
Let d(c) = -13*c + 88. Determine d(18).
-146
Let p(u) = -3*u**2 - 30*u + 41. Give p(-11).
8
Let p(s) = 56*s - 336. Give p(6).
0
Let s(k) = k**3 - 12*k**2 - 7*k + 28. Calculate s(12).
-56
Let r(w) = -5*w + 4. Calculate r(2).
-6
Let x(s) = 2*s**2 - 11*s - 35. What is x(8)?
5
Let w(f) = -4*f**2 - 49*f + 41. Determine w(-13).
2
Let z(c) = 2*c - 3. What is z(6)?
9
Let h(i) = -i**2 + 9*i + 151. What is h(-9)?
-11
Let b(p) = -p**3 - 13*p**2 - 14*p + 11. Give b(-12).
35
Let g(z) = -z**3 + 2*z**2 + 2*z - 2. Determine g(2).
2
Let w(n) = -181*n - 723. What is w(-4)?
1
Let r(h) = h**3 - 5*h**2 + 2*h + 2. Calculate r(2).
-6
Let a(l) = 4*l**2 + l - 2. Calculate a(2).
16
Let w(h) = -h**3 + 9*h**2 + 13*h - 27. Calculate w(11).
-126
Let m(d) = -d**3 + 6*d**2 + 5. Give m(5).
30
Let j(m) = 23*m - 3. Give j(2).
43
Let i(n) = -n**3 + 50*n**2 - 143*n + 96. What is i(47)?
2
Let c(k) = k**2 + 11*k + 5. What is c(-9)?
-13
Let v(w) = -2*w**2 + 6*w + 5. Calculate v(5).
-15
Let c(x) = 5*x**2 + 125*x + 27. Determine c(-25).
27
Let